9)/4. Let l = g + 324. What are the prime factors of l?
181
Let w be (4 - 4/1)/(6 + -3). List the prime factors of 194 - (w - (3 - 2)).
3, 5, 13
Let g(p) = 27 - 3*p + p**3 + 0*p - 20 + p**2. Let v be g(-3). What are the prime factors of ((-3024)/81)/(0 + v/6)?
2, 7
Let x(c) = -c**2 - 12*c - 16. Let i be x(-11). Let o(a) = a**2 - 10. List the prime factors of o(i).
3, 5
Let m be (((-90)/(-12))/5)/((-3)/(-40)). Suppose 6*r - m = r. What are the prime factors of (r + -2)/(3*1/228)?
2, 19
Suppose 2*d - 9*b + 14*b = -25, -4*b = 20. Suppose 0 = -4*s - 8, d = -3*u + s + 1721 + 2292. What are the prime factors of u?
7, 191
Let p(q) = q**2 - 6*q - 5. Let i be p(7). Suppose 5*j + i*o = 5*o + 1061, -3*j + o + 639 = 0. Let f = 303 - j. List the prime factors of f.
89
Let y(m) = 23*m**2 - 29*m - 12. List the prime factors of y(-16).
2, 5, 317
Let f = 37 - 59. Let o = f - -27. Suppose -142 = o*d - 3*j - 347, -3*j = 0. What are the prime factors of d?
41
Suppose 0 = i + 46*f - 45*f - 56310, 168942 = 3*i + 5*f. List the prime factors of i.
2, 3, 17, 23
Let b be (14/7)/(20/30). Suppose 4*f = r - 51, -b*r = -3*f + 4*f - 192. List the prime factors of r.
3, 7
Let b(y) = 19*y + 60. Let q(h) = -3*h - 13. Let f be q(-7). List the prime factors of b(f).
2, 53
Let m = -4701 - -6990. List the prime factors of m.
3, 7, 109
Suppose 0 = 64*v - 82876 - 147791 - 296949. List the prime factors of v.
2, 3, 229
Let h(p) = -2*p**3 + 12*p**2 + 59*p - 186. List the prime factors of h(-29).
3, 7, 2713
Suppose -4*o = 3*a - 40, 2*o - 7*o = -4*a + 43. Suppose a = -4*b, 0 = -2*j + 2*b + 479 + 203. List the prime factors of j.
2, 13
Let u(v) = -2*v**3 - v**2 + 98*v + 206. What are the prime factors of u(-24)?
2, 11, 103
Let d = 111 + -107. Let y(g) = g**3 - 6*g**2 + 12*g - 9. What are the prime factors of y(d)?
7
Let j = 11399 + 1940. What are the prime factors of j?
13339
Suppose -2*y + 5*n = -1498, -4*y + 3*n - 2*n = -3032. What are the prime factors of y?
3, 11, 23
Let k be ((-135)/90)/(1/(-286)). Let z = -23 + k. List the prime factors of z.
2, 7, 29
Suppose 750936 = 50*j + 61*j - 44*j. List the prime factors of j.
2, 3, 467
Let k(f) be the second derivative of 109*f**3/3 + 9*f**2/2 + 4*f - 22. What are the prime factors of k(1)?
227
Let g(h) = -5*h - 21. Let b be g(-5). Suppose 243 = b*m - 333. What are the prime factors of m + 3 + 9/(-3) + 3?
3, 7
Suppose 5*p - 22 - 7 = 3*d, 2*p = -4*d - 30. Let z(s) = s**2 + 10*s + 14. Let m be z(d). List the prime factors of 0*m/(-8) + 14.
2, 7
Let b(r) = -r**2 + 94*r + 188. Let y be b(-2). Suppose 448 = -4*j - 2468. List the prime factors of (-9)/36 + j/y.
2, 7, 13
Suppose 5*s = 5*j + 5, -5 = 3*j + 4. Let a be (s + (-15)/(-6))*962. Let t = a + -301. What are the prime factors of t?
2, 3, 5
Suppose 16 = 4*y - 8. Suppose -c - y*c = -1162. Suppose -2*h - 156 = -2*l, 5*h = 2*l + h - c. List the prime factors of l.
73
Suppose -61*z + 39832 = -24*z - 11*z. What are the prime factors of z?
2, 383
Suppose 5*r + 5 = 0, -4*r = -d - 0*r + 56. Suppose -h - 3*c = -23, -c - d = -4*h - 3*c. Let s(z) = 4*z + 19. What are the prime factors of s(h)?
3, 7
Let o = 36 + -33. Let k be o*(-4)/8*-342. Let u = k - 294. What are the prime factors of u?
3, 73
Suppose -9*g = 11*g - 1160. Suppose g*b + 394 = 59*b. What are the prime factors of b?
2, 197
Suppose 143927 = 5*s + 16*g - 12*g, -57576 = -2*s + g. What are the prime factors of s?
11, 2617
Let q(s) = -s**3 - 2*s**2 + 12*s. Let i be q(-5). Let u(x) = 50*x + 17 - 42*x + i. List the prime factors of u(8).
2, 3
Suppose -3*l - 120680 = -4*z, -26*l + 21*l = -4*z + 120696. List the prime factors of z.
2, 7541
Suppose 0 = 5*x - 602 - 213. Let n = -3 - -6. List the prime factors of (n - x)*2/(-2).
2, 5
Let i(h) = -2*h**2 + 12*h - 8. Suppose 0 = -3*o + 15, -x + 0*x = 2*o - 15. Let f be i(x). What are the prime factors of 121 - f - (3 + -2 + -1)?
7, 17
Let q(v) = -2*v**2 + 18*v + 5. Let u be q(9). Suppose 26 = u*y + 1. Suppose y*w - 20 = 570. List the prime factors of w.
2, 59
Let o be 3/12 + ((-1)/4 - -1). Let c be (1 + o)*-2*(-18)/4. What are the prime factors of (-12)/c*582/(-4)?
97
Suppose 0 = 3*t - 4*d - 15478, 27*t = 25*t - 3*d + 10296. What are the prime factors of t?
2, 3, 859
Let q = -129 + 132. Suppose q*j = -5*n + 1159, -j - 61 = 2*n - 525. What are the prime factors of n?
233
What are the prime factors of 114*(-12 - (-8 - (2 - -766)))?
2, 3, 19, 191
Let c be 51415/(-26) - (-6)/(-4). Let a = c + 3444. List the prime factors of a.
5, 293
Let g(r) = r - 3. Let x(a) = 5*a - 5. Let y be x(2). Let p be g(y). Suppose c - 131 = -p*b + b, 2*b = c + 274. What are the prime factors of b?
3, 5
Let l(t) = 12*t**2 + 18*t**2 + t**3 + 25 - 659*t + 605*t. What are the prime factors of l(-30)?
5, 7, 47
Let x(k) = -k**3 - 18*k**2 - k - 18. Let p be 18/((-4)/10 - (-9)/(-15)). Let c be x(p). Suppose c = -z + 3*z - 228. List the prime factors of z.
2, 3, 19
Let t = -27573 - -41956. What are the prime factors of t?
19, 757
List the prime factors of 22305/(-2)*32/(-240)*6.
2, 3, 1487
Let o(l) = -1360*l - 3170. What are the prime factors of o(-23)?
2, 3, 5, 937
Suppose 247 = 15*j - 53. Suppose -j*a = -2*a - 3348. What are the prime factors of a?
2, 3, 31
List the prime factors of (-10489138)/(-177)*90/55.
2, 3, 8081
Let v(n) = -6*n - 33. Let t be v(-10). Let d = -25 + t. Suppose -d*x = -3*x + 16. List the prime factors of x.
2
Suppose 39*h - 35*h = -36. Let c(m) = -11*m + 4. Let n be c(h). Suppose 3*r + n - 514 = 0. List the prime factors of r.
137
Suppose 4*d - 3*h - 17 = 0, 4*d = -h - 0*h + 21. Let b(u) = u**3 + 9*u**2 - 16*u - 15. Let r be b(-10). Let p = r - d. What are the prime factors of p?
2, 5
Let p = -16175 - -24395. List the prime factors of p.
2, 3, 5, 137
Let h be 2*7/(-14)*-3. Suppose -3*f + 669 = 5*c, h*c = 6*c - 2*f - 409. List the prime factors of c.
3, 5
Let x = 148 + -253. Let c = -102 - x. Suppose -2*d = 5*q - 396, d + c*q = 147 + 52. What are the prime factors of d?
193
Let m = -2001 - -3029. Let i = 1818 - m. What are the prime factors of i?
2, 5, 79
Suppose -3*p + 145968 = -4*n, p + 4*n + 14025 = 62697. What are the prime factors of p?
2, 3, 5, 811
Let c be (119/21)/((-1)/(-3)). Let b be (1 + -1)*c/34. Suppose a - 75 - 44 = b. What are the prime factors of a?
7, 17
Let p(i) = 4*i - 4. Let r be p(1). Suppose r*g - 916 = -5*m + 4*g, 3*m = 5*g + 547. What are the prime factors of m?
2, 23
Let o(u) = -3*u - 39. Let b(w) = 6*w + 78. Let m(n) = -2*b(n) - 5*o(n). Let h be m(-9). List the prime factors of (-342)/h*(10/(-6) + 1).
19
Suppose -1982*i + 1981*i = -3218. Suppose -27*m = -5746 - i. List the prime factors of m.
2, 83
Let s = 111 + -121. Let c be (-124)/s*(13 + 2). Let z = c - 113. List the prime factors of z.
73
Let m(v) = 11895*v**2 + 30*v + 5. List the prime factors of m(-1).
2, 5, 1187
Suppose 4*r = -2*o + 30, 3*r - 8*o - 10 = -7*o. What are the prime factors of 18680/18 + (70/63)/r?
2, 3, 173
Suppose -6288*i - 49995 = -6291*i. What are the prime factors of i?
3, 5, 11, 101
Suppose 114*j + 161228 = 131*j. What are the prime factors of j?
2, 2371
Let n(d) = -5*d**3 - d**2 - 2*d + 3. Let i be n(1). Let x be i - -25 - (1 + 4/(-2)). Suppose -x*a + 25*a - 180 = 0. What are the prime factors of a?
3, 5
List the prime factors of 6/(-2) + 298064/52.
17, 337
Let t = 7147 - 2562. What are the prime factors of t?
5, 7, 131
Suppose -t + l + 306 = 0, t + 0*t = -4*l + 326. Let u = 681 - t. List the prime factors of u.
7, 53
Let y = -73 - -73. Suppose 6 = -y*u + 3*u. Suppose -4*l - u*k = -250, 7*l - 2*l - 3*k = 329. List the prime factors of l.
2
Let w(g) be the first derivative of -6*g**2 + 21*g - 2. Let t = -363 - -355. What are the prime factors of w(t)?
3, 13
Suppose -337*n = 44*n - 54*n - 6171471. What are the prime factors of n?
3, 233
Suppose -5*k - 2*w = -15, -7*w - 14 = -4*k - 9*w. List the prime factors of ((-27)/135)/(k/(-155)).
31
List the prime factors of (1*-92)/(7/(12033/(-18))).
2, 23, 191
Let k = 317 + 1972. List the prime factors of k.
3, 7, 109
Let z(y) = y**3 + y**2 - 9*y - 5. Suppose o + 2 = -3*q - 5, o - 2 = 0. Let l be z(q). Suppose 67 = -3*b + l*b. What are the prime factors of b?
67
Let q(g) = g**3 - 3*g**2 - 6*g + 8. Let k be q(4). Suppose -3*i + 4*n + 42 = -289, k = 2*n + 8. Let m = i - -97. 